e remainder when 22683379 is divided by 3012.
7
What is the remainder when 128671 is divided by 18379?
18
What is the remainder when 91002 is divided by 750?
252
Calculate the remainder when 1972928 is divided by 182.
48
Calculate the remainder when 65695976 is divided by 912444.
8
What is the remainder when 120446334 is divided by 33?
30
Calculate the remainder when 6284037 is divided by 1750.
1537
Calculate the remainder when 92629304 is divided by 154.
152
Calculate the remainder when 74308552 is divided by 1651300.
52
What is the remainder when 5419452 is divided by 33?
27
Calculate the remainder when 3018736 is divided by 690.
676
Calculate the remainder when 78102 is divided by 38988.
126
Calculate the remainder when 256799 is divided by 128355.
89
Calculate the remainder when 61477 is divided by 7668.
133
What is the remainder when 639985917 is divided by 840?
837
Calculate the remainder when 371458 is divided by 157.
153
What is the remainder when 1470083 is divided by 23?
15
Calculate the remainder when 41979 is divided by 35.
14
Calculate the remainder when 366651 is divided by 183238.
175
What is the remainder when 7342464 is divided by 1468489?
19
Calculate the remainder when 1213478 is divided by 299.
136
What is the remainder when 103491870 is divided by 14784551?
13
Calculate the remainder when 2404271682 is divided by 95.
92
Calculate the remainder when 2625 is divided by 1351.
1274
What is the remainder when 38908042 is divided by 1370?
42
Calculate the remainder when 471686 is divided by 94336.
6
What is the remainder when 300681 is divided by 707?
206
Calculate the remainder when 538667 is divided by 1526.
1515
What is the remainder when 460436 is divided by 461?
358
Calculate the remainder when 528297 is divided by 1606.
1529
What is the remainder when 454298 is divided by 3043?
891
What is the remainder when 861924 is divided by 4?
0
What is the remainder when 2902113486 is divided by 1601?
1599
What is the remainder when 9738 is divided by 9297?
441
What is the remainder when 58124 is divided by 2151?
47
Calculate the remainder when 3006837 is divided by 1053.
522
What is the remainder when 4330738 is divided by 890?
888
Calculate the remainder when 6930507 is divided by 1005.
27
What is the remainder when 258291467 is divided by 9752?
9747
Calculate the remainder when 492494 is divided by 84.
2
What is the remainder when 23974351 is divided by 7427?
7422
What is the remainder when 13175052 is divided by 361?
357
Calculate the remainder when 3079487 is divided by 300.
287
Calculate the remainder when 4472538 is divided by 53886.
0
What is the remainder when 2362879 is divided by 73?
15
Calculate the remainder when 7827050 is divided by 1118148.
14
What is the remainder when 87849 is divided by 27544?
5217
Calculate the remainder when 2779564 is divided by 694888.
12
What is the remainder when 64355916 is divided by 1119?
1107
Calculate the remainder when 5043697 is divided by 39714.
19
What is the remainder when 13280935 is divided by 22?
19
Calculate the remainder when 7756838 is divided by 9.
8
What is the remainder when 37881686 is divided by 2413?
2412
What is the remainder when 1192165829 is divided by 19?
18
What is the remainder when 3807204 is divided by 36?
24
Calculate the remainder when 592608 is divided by 1456.
16
What is the remainder when 20422183 is divided by 1736?
1615
What is the remainder when 9870437 is divided by 1096708?
65
Calculate the remainder when 910513 is divided by 227626.
9
Calculate the remainder when 12726 is divided by 164.
98
Calculate the remainder when 11509095 is divided by 1644131.
178
What is the remainder when 1388710 is divided by 367?
349
Calculate the remainder when 1059621 is divided by 2171.
173
What is the remainder when 1664051 is divided by 9733?
9441
Calculate the remainder when 18136 is divided by 5022.
3070
Calculate the remainder when 1069098721 is divided by 3311.
3309
What is the remainder when 1859033 is divided by 4?
1
What is the remainder when 8122 is divided by 3075?
1972
What is the remainder when 5554796 is divided by 185158?
56
Calculate the remainder when 10277 is divided by 461.
135
What is the remainder when 786495 is divided by 1523?
627
Calculate the remainder when 3328350 is divided by 3137.
3130
What is the remainder when 158597 is divided by 413?
5
Calculate the remainder when 1011796 is divided by 69.
49
Calculate the remainder when 591585 is divided by 591485.
100
Calculate the remainder when 7665847 is divided by 547560.
7
Calculate the remainder when 199811 is divided by 188.
155
What is the remainder when 972441 is divided by 218?
161
Calculate the remainder when 1197396 is divided by 1588.
44
Calculate the remainder when 1587513 is divided by 4.
1
What is the remainder when 2578053 is divided by 2855?
2843
What is the remainder when 3081317 is divided by 439965?
1562
Calculate the remainder when 476660 is divided by 1656.
1388
Calculate the remainder when 15740 is divided by 3924.
44
Calculate the remainder when 161785708 is divided by 4575.
4558
Calculate the remainder when 830359 is divided by 294.
103
What is the remainder when 211421866 is divided by 2330?
2326
What is the remainder when 126095 is divided by 3031?
1824
What is the remainder when 221232 is divided by 43925?
1607
Calculate the remainder when 19500496 is divided by 114.
112
Calculate the remainder when 16787 is divided by 4099.
391
What is the remainder when 5248982 is divided by 4924?
4922
Calculate the remainder when 14577357 is divided by 2830.
27
Calculate the remainder when 55554 is divided by 10910.
1004
What is the remainder when 1084632 is divided by 4609?
1517
What is the remainder when 1588267 is divided by 17078?
13
What is the remainder when 922590 is divided by 1355?
1190
Calculate the remainder when 52638 is divided by 505.
118
Calculate the remainder when 2960994 is divided by 662.
530
What is the remainder when 3070902 is divided by 2076?
498
What is the remainder when 39550910 is divided by 783?
14
Calculate the remainder when 18205340 is divided by 17.
6
Calculate the remainder when 14477884 is divided by 43.
42
What is the remainder when 1049610 is divided by 181?
172
What is the remainder when 3456247 is divided by 78551?
3
What is the remainder when 73064561 is divided by 367?
366
What is the remainder when 8041598 is divided by 40?
38
Calculate the remainder when 1515723 is divided by 25.
23
What is the remainder when 1143331 is divided by 1258?
1067
Calculate the remainder when 11335 is divided by 5540.
255
Calculate the remainder when 39294 is divided by 12413.
2055
Calculate the remainder when 2170306 is divided by 4718.
26
What is the remainder when 20785473 is divided by 29?
13
Calculate the remainder when 50398643 is divided by 1078.
1065
Calculate the remainder when 407276649 is divided by 804.
801
Calculate the remainder when 73821357 is divided by 5272954.
1
Calculate the remainder when 872565 is divided by 274.
149
What is the remainder when 3022244 is divided by 755559?
8
Calculate the remainder when 16758618 is divided by 805.
128
What is the remainder when 74012782 is divided by 198?
184
Calculate the remainder when 109969 is divided by 109942.
27
What is the remainder when 101700 is divided by 2114?
228
Calculate the remainder when 2855335 is divided by 37080.
175
What is the remainder when 2946414 is divided by 3642?
36
What is the remainder when 253980 is divided by 12091?
69
What is the remainder when 1182102 is divided by 295522?
14
Calculate the remainder when 281520 is divided by 271.
222
Calculate the remainder when 172611747 is divided by 3596078.
3
Calculate the remainder when 1952706 is divided by 1951321.
1385
What is the remainder when 6333760 is divided by 1310?
1220
What is the remainder when 555511 is divided by 1340?
751
Calculate the remainder when 8480909 is divided by 30617.
0
What is the remainder when 313712 is divided by 62?
54
Calculate the remainder when 3293172 is divided by 51.
0
What is the remainder when 38301 is divided by 116?
21
What is the remainder when 20163 is divided by 19157?
1006
What is the remainder when 41176 is divided by 726?
520
What is the remainder when 15658 is divided by 4739?
1441
Calculat